[INFO] fetching crate rustic_hal 0.2.0...
[INFO] checking rustic_hal-0.2.0 against master#9610dfe5a9a731ced1ea4923ecbd0c57fe367898 for beta-170-4
[INFO] extracting crate rustic_hal 0.2.0 into /workspace/builds/worker-5-tc1/source
[INFO] validating manifest of crates.io crate rustic_hal 0.2.0 on toolchain 9610dfe5a9a731ced1ea4923ecbd0c57fe367898
[INFO] running `Command { std: CARGO_HOME="/workspace/cargo-home" RUSTUP_HOME="/workspace/rustup-home" "/workspace/cargo-home/bin/cargo" "+9610dfe5a9a731ced1ea4923ecbd0c57fe367898" "metadata" "--manifest-path" "Cargo.toml" "--no-deps", kill_on_drop: false }`
[INFO] started tweaking crates.io crate rustic_hal 0.2.0
[INFO] finished tweaking crates.io crate rustic_hal 0.2.0
[INFO] tweaked toml for crates.io crate rustic_hal 0.2.0 written to /workspace/builds/worker-5-tc1/source/Cargo.toml
[INFO] running `Command { std: CARGO_HOME="/workspace/cargo-home" RUSTUP_HOME="/workspace/rustup-home" __CARGO_TEST_CHANNEL_OVERRIDE_DO_NOT_USE_THIS="nightly" "/workspace/cargo-home/bin/cargo" "+9610dfe5a9a731ced1ea4923ecbd0c57fe367898" "generate-lockfile" "--manifest-path" "Cargo.toml" "-Zno-index-update", kill_on_drop: false }`
[INFO] running `Command { std: CARGO_HOME="/workspace/cargo-home" RUSTUP_HOME="/workspace/rustup-home" "/workspace/cargo-home/bin/cargo" "+9610dfe5a9a731ced1ea4923ecbd0c57fe367898" "fetch" "--manifest-path" "Cargo.toml", kill_on_drop: false }`
[INFO] running `Command { std: "docker" "create" "-v" "/var/lib/crater-agent-workspace/builds/worker-5-tc1/target:/opt/rustwide/target:rw,Z" "-v" "/var/lib/crater-agent-workspace/builds/worker-5-tc1/source:/opt/rustwide/workdir:ro,Z" "-v" "/var/lib/crater-agent-workspace/cargo-home:/opt/rustwide/cargo-home:ro,Z" "-v" "/var/lib/crater-agent-workspace/rustup-home:/opt/rustwide/rustup-home:ro,Z" "-e" "SOURCE_DIR=/opt/rustwide/workdir" "-e" "CARGO_TARGET_DIR=/opt/rustwide/target" "-e" "CARGO_HOME=/opt/rustwide/cargo-home" "-e" "RUSTUP_HOME=/opt/rustwide/rustup-home" "-w" "/opt/rustwide/workdir" "-m" "1610612736" "--user" "0:0" "--network" "none" "ghcr.io/rust-lang/crates-build-env/linux@sha256:19e73879b68f455e41552ea35293514db52ea292d993f571636dbffedb77a1ee" "/opt/rustwide/cargo-home/bin/cargo" "+9610dfe5a9a731ced1ea4923ecbd0c57fe367898" "metadata" "--no-deps" "--format-version=1", kill_on_drop: false }`
[INFO] [stdout] d1f5610f084d4f2d1c4820b892de53f38bfb2e662df80401aa7481e80b4caee2
[INFO] running `Command { std: "docker" "start" "-a" "d1f5610f084d4f2d1c4820b892de53f38bfb2e662df80401aa7481e80b4caee2", kill_on_drop: false }`
[INFO] running `Command { std: "docker" "inspect" "d1f5610f084d4f2d1c4820b892de53f38bfb2e662df80401aa7481e80b4caee2", kill_on_drop: false }`
[INFO] running `Command { std: "docker" "rm" "-f" "d1f5610f084d4f2d1c4820b892de53f38bfb2e662df80401aa7481e80b4caee2", kill_on_drop: false }`
[INFO] [stdout] d1f5610f084d4f2d1c4820b892de53f38bfb2e662df80401aa7481e80b4caee2
[INFO] running `Command { std: "docker" "create" "-v" "/var/lib/crater-agent-workspace/builds/worker-5-tc1/target:/opt/rustwide/target:rw,Z" "-v" "/var/lib/crater-agent-workspace/builds/worker-5-tc1/source:/opt/rustwide/workdir:ro,Z" "-v" "/var/lib/crater-agent-workspace/cargo-home:/opt/rustwide/cargo-home:ro,Z" "-v" "/var/lib/crater-agent-workspace/rustup-home:/opt/rustwide/rustup-home:ro,Z" "-e" "SOURCE_DIR=/opt/rustwide/workdir" "-e" "CARGO_TARGET_DIR=/opt/rustwide/target" "-e" "CARGO_INCREMENTAL=0" "-e" "RUST_BACKTRACE=full" "-e" "RUSTFLAGS=--cap-lints=forbid" "-e" "RUSTDOCFLAGS=--cap-lints=forbid" "-e" "CARGO_HOME=/opt/rustwide/cargo-home" "-e" "RUSTUP_HOME=/opt/rustwide/rustup-home" "-w" "/opt/rustwide/workdir" "-m" "1610612736" "--user" "0:0" "--network" "none" "ghcr.io/rust-lang/crates-build-env/linux@sha256:19e73879b68f455e41552ea35293514db52ea292d993f571636dbffedb77a1ee" "/opt/rustwide/cargo-home/bin/cargo" "+9610dfe5a9a731ced1ea4923ecbd0c57fe367898" "check" "--frozen" "--all" "--all-targets" "--message-format=json", kill_on_drop: false }`
[INFO] [stdout] 00a4a7c4dd4d963ebb1a8649a91fc2260aac6e7c2aab6809b12d347c87ee559c
[INFO] running `Command { std: "docker" "start" "-a" "00a4a7c4dd4d963ebb1a8649a91fc2260aac6e7c2aab6809b12d347c87ee559c", kill_on_drop: false }`
[INFO] [stderr]    Compiling autocfg v1.1.0
[INFO] [stderr]    Compiling semver v1.0.17
[INFO] [stderr]    Compiling libc v0.2.144
[INFO] [stderr]    Compiling crossbeam-utils v0.8.15
[INFO] [stderr]    Compiling serde v1.0.163
[INFO] [stderr]    Compiling proc-macro2 v1.0.59
[INFO] [stderr]    Compiling unicode-ident v1.0.9
[INFO] [stderr]    Compiling quote v1.0.28
[INFO] [stderr]    Compiling serde_json v1.0.96
[INFO] [stderr]    Compiling memoffset v0.8.0
[INFO] [stderr]    Compiling crossbeam-epoch v0.9.14
[INFO] [stderr]     Checking scopeguard v1.1.0
[INFO] [stderr]    Compiling rustc_version v0.4.0
[INFO] [stderr]     Checking ryu v1.0.13
[INFO] [stderr]    Compiling memchr v2.5.0
[INFO] [stderr]     Checking itoa v1.0.6
[INFO] [stderr]    Compiling rayon-core v1.11.0
[INFO] [stderr]     Checking either v1.8.1
[INFO] [stderr]    Compiling cast v0.2.7
[INFO] [stderr]     Checking rand_core v0.4.2
[INFO] [stderr]     Checking num_cpus v1.15.0
[INFO] [stderr]     Checking crossbeam-deque v0.8.3
[INFO] [stderr]    Compiling syn v2.0.18
[INFO] [stderr]     Checking crossbeam-channel v0.5.8
[INFO] [stderr]    Compiling num-traits v0.2.15
[INFO] [stderr]     Checking unicode-width v0.1.10
[INFO] [stderr]     Checking byteorder v1.4.3
[INFO] [stderr]     Checking textwrap v0.11.0
[INFO] [stderr]     Checking csv-core v0.1.10
[INFO] [stderr]     Checking rand_core v0.3.1
[INFO] [stderr]     Checking itertools v0.8.2
[INFO] [stderr]    Compiling rustic_hal v0.2.0 (/opt/rustwide/workdir)
[INFO] [stderr]     Checking same-file v1.0.6
[INFO] [stderr]     Checking clap v2.34.0
[INFO] [stderr]     Checking walkdir v2.3.3
[INFO] [stderr]     Checking rand_xoshiro v0.1.0
[INFO] [stderr]     Checking rand_os v0.1.3
[INFO] [stderr]     Checking atty v0.2.14
[INFO] [stderr]     Checking lazy_static v1.4.0
[INFO] [stderr]     Checking rayon v1.7.0
[INFO] [stderr]     Checking criterion-plot v0.3.1
[INFO] [stderr]     Checking csv v1.2.2
[INFO] [stderr]    Compiling serde_derive v1.0.163
[INFO] [stderr]     Checking tinytemplate v1.2.1
[INFO] [stderr]     Checking criterion v0.2.11
[INFO] [stdout] warning: variable does not need to be mutable
[INFO] [stdout]    --> src/resource.rs:219:21
[INFO] [stdout]     |
[INFO] [stdout] 219 |                 let mut lk = OneOrMany::new();
[INFO] [stdout]     |                     ----^^
[INFO] [stdout]     |                     |
[INFO] [stdout]     |                     help: remove this `mut`
[INFO] [stdout]     |
[INFO] [stdout]     = note: `#[warn(unused_mut)]` on by default
[INFO] [stdout] 
[INFO] [stdout] 
[INFO] [stdout] warning: variable does not need to be mutable
[INFO] [stdout]    --> src/resource.rs:230:21
[INFO] [stdout]     |
[INFO] [stdout] 230 |                 let mut content = entry.get_mut(); //&mut HalLinks
[INFO] [stdout]     |                     ----^^^^^^^
[INFO] [stdout]     |                     |
[INFO] [stdout]     |                     help: remove this `mut`
[INFO] [stdout] 
[INFO] [stdout] 
[INFO] [stdout] warning: variable does not need to be mutable
[INFO] [stdout]    --> src/resource.rs:266:21
[INFO] [stdout]     |
[INFO] [stdout] 266 |                 let mut content = entry.get_mut(); //&mut HalLinks
[INFO] [stdout]     |                     ----^^^^^^^
[INFO] [stdout]     |                     |
[INFO] [stdout]     |                     help: remove this `mut`
[INFO] [stdout] 
[INFO] [stdout] 
[INFO] [stdout] warning: variable does not need to be mutable
[INFO] [stdout]    --> src/resource.rs:284:21
[INFO] [stdout]     |
[INFO] [stdout] 284 |                 let mut content = entry.get_mut(); //&mut HalLinks
[INFO] [stdout]     |                     ----^^^^^^^
[INFO] [stdout]     |                     |
[INFO] [stdout]     |                     help: remove this `mut`
[INFO] [stdout] 
[INFO] [stdout] 
[INFO] [stdout] warning: 4 warnings emitted
[INFO] [stdout] 
[INFO] [stdout] 
[INFO] [stdout] warning: unused import: `rustic_hal::HalLink`
[INFO] [stdout]  --> benches/simple_serialisation.rs:8:5
[INFO] [stdout]   |
[INFO] [stdout] 8 | use rustic_hal::HalLink;
[INFO] [stdout]   |     ^^^^^^^^^^^^^^^^^^^
[INFO] [stdout]   |
[INFO] [stdout]   = note: `#[warn(unused_imports)]` on by default
[INFO] [stdout] 
[INFO] [stdout] 
[INFO] [stdout] warning: 1 warning emitted
[INFO] [stdout] 
[INFO] [stdout] 
[INFO] [stdout] warning: unused import: `super::super::link::HalLink`
[INFO] [stdout]  --> src/tests/one_or_many.rs:2:5
[INFO] [stdout]   |
[INFO] [stdout] 2 | use super::super::link::HalLink;
[INFO] [stdout]   |     ^^^^^^^^^^^^^^^^^^^^^^^^^^^
[INFO] [stdout]   |
[INFO] [stdout]   = note: `#[warn(unused_imports)]` on by default
[INFO] [stdout] 
[INFO] [stdout] 
[INFO] [stdout] warning: unused import: `serde::*`
[INFO] [stdout]  --> src/tests/one_or_many.rs:5:5
[INFO] [stdout]   |
[INFO] [stdout] 5 | use serde::*;
[INFO] [stdout]   |     ^^^^^^^^
[INFO] [stdout] 
[INFO] [stdout] 
[INFO] [stdout] error[E0277]: the trait bound `for<'d> T: Deserialize<'d>` is not satisfied
[INFO] [stdout]     --> src/tests/one_or_many.rs:10:10
[INFO] [stdout]      |
[INFO] [stdout] 10   |     oom: OneOrMany<T>
[INFO] [stdout]      |          ^^^^^^^^^^^^ the trait `for<'d> Deserialize<'d>` is not implemented for `T`
[INFO] [stdout]      |
[INFO] [stdout] note: required for `OneOrMany<T>` to implement `Deserialize<'_>`
[INFO] [stdout]     --> src/resource.rs:117:14
[INFO] [stdout]      |
[INFO] [stdout] 117  | impl<'de, T> Deserialize<'de> for OneOrMany<T>
[INFO] [stdout]      |              ^^^^^^^^^^^^^^^^     ^^^^^^^^^^^^
[INFO] [stdout] 118  | where
[INFO] [stdout] 119  |     for<'d> T: Deserialize<'d> + Clone,
[INFO] [stdout]      |                --------------- unsatisfied trait bound introduced here
[INFO] [stdout] note: required by a bound in `next_element`
[INFO] [stdout]     --> /opt/rustwide/cargo-home/registry/src/index.crates.io-6f17d22bba15001f/serde-1.0.163/src/de/mod.rs:1729:12
[INFO] [stdout]      |
[INFO] [stdout] 1727 |     fn next_element<T>(&mut self) -> Result<Option<T>, Self::Error>
[INFO] [stdout]      |        ------------ required by a bound in this associated function
[INFO] [stdout] 1728 |     where
[INFO] [stdout] 1729 |         T: Deserialize<'de>,
[INFO] [stdout]      |            ^^^^^^^^^^^^^^^^ required by this bound in `SeqAccess::next_element`
[INFO] [stdout] help: consider further restricting this bound
[INFO] [stdout]      |
[INFO] [stdout] 8    | struct Boh<T:Clone + for<'d> serde::Deserialize<'d>>
[INFO] [stdout]      |                    ++++++++++++++++++++++++++++++++
[INFO] [stdout] 
[INFO] [stdout] 
[INFO] [stdout] error[E0277]: the trait bound `for<'d> T: Deserialize<'d>` is not satisfied
[INFO] [stdout]     --> src/tests/one_or_many.rs:10:10
[INFO] [stdout]      |
[INFO] [stdout] 10   |     oom: OneOrMany<T>
[INFO] [stdout]      |          ^^^^^^^^^^^^ the trait `for<'d> Deserialize<'d>` is not implemented for `T`
[INFO] [stdout]      |
[INFO] [stdout] note: required for `OneOrMany<T>` to implement `Deserialize<'_>`
[INFO] [stdout]     --> src/resource.rs:117:14
[INFO] [stdout]      |
[INFO] [stdout] 117  | impl<'de, T> Deserialize<'de> for OneOrMany<T>
[INFO] [stdout]      |              ^^^^^^^^^^^^^^^^     ^^^^^^^^^^^^
[INFO] [stdout] 118  | where
[INFO] [stdout] 119  |     for<'d> T: Deserialize<'d> + Clone,
[INFO] [stdout]      |                --------------- unsatisfied trait bound introduced here
[INFO] [stdout] note: required by a bound in `next_value`
[INFO] [stdout]     --> /opt/rustwide/cargo-home/registry/src/index.crates.io-6f17d22bba15001f/serde-1.0.163/src/de/mod.rs:1868:12
[INFO] [stdout]      |
[INFO] [stdout] 1866 |     fn next_value<V>(&mut self) -> Result<V, Self::Error>
[INFO] [stdout]      |        ---------- required by a bound in this associated function
[INFO] [stdout] 1867 |     where
[INFO] [stdout] 1868 |         V: Deserialize<'de>,
[INFO] [stdout]      |            ^^^^^^^^^^^^^^^^ required by this bound in `MapAccess::next_value`
[INFO] [stdout] help: consider further restricting this bound
[INFO] [stdout]      |
[INFO] [stdout] 8    | struct Boh<T:Clone + for<'d> serde::Deserialize<'d>>
[INFO] [stdout]      |                    ++++++++++++++++++++++++++++++++
[INFO] [stdout] 
[INFO] [stdout] 
[INFO] [stdout] error[E0277]: the trait bound `for<'d> T: Deserialize<'d>` is not satisfied
[INFO] [stdout]    --> src/tests/one_or_many.rs:10:5
[INFO] [stdout]     |
[INFO] [stdout] 10  |     oom: OneOrMany<T>
[INFO] [stdout]     |     ^^^^^^^^^^^^^^^^^ the trait `for<'d> Deserialize<'d>` is not implemented for `T`
[INFO] [stdout]     |
[INFO] [stdout] note: required for `OneOrMany<T>` to implement `Deserialize<'_>`
[INFO] [stdout]    --> src/resource.rs:117:14
[INFO] [stdout]     |
[INFO] [stdout] 117 | impl<'de, T> Deserialize<'de> for OneOrMany<T>
[INFO] [stdout]     |              ^^^^^^^^^^^^^^^^     ^^^^^^^^^^^^
[INFO] [stdout] 118 | where
[INFO] [stdout] 119 |     for<'d> T: Deserialize<'d> + Clone,
[INFO] [stdout]     |                --------------- unsatisfied trait bound introduced here
[INFO] [stdout] note: required by a bound in `serde::__private::de::missing_field`
[INFO] [stdout]    --> /opt/rustwide/cargo-home/registry/src/index.crates.io-6f17d22bba15001f/serde-1.0.163/src/private/de.rs:22:8
[INFO] [stdout]     |
[INFO] [stdout] 20  | pub fn missing_field<'de, V, E>(field: &'static str) -> Result<V, E>
[INFO] [stdout]     |        ------------- required by a bound in this function
[INFO] [stdout] 21  | where
[INFO] [stdout] 22  |     V: Deserialize<'de>,
[INFO] [stdout]     |        ^^^^^^^^^^^^^^^^ required by this bound in `missing_field`
[INFO] [stdout] help: consider further restricting this bound
[INFO] [stdout]     |
[INFO] [stdout] 8   | struct Boh<T:Clone + for<'d> serde::Deserialize<'d>>
[INFO] [stdout]     |                    ++++++++++++++++++++++++++++++++
[INFO] [stdout] 
[INFO] [stdout] 
[INFO] [stdout] error[E0608]: cannot index into a value of type `OneOrMany<std::string::String>`
[INFO] [stdout]   --> src/tests/one_or_many.rs:32:24
[INFO] [stdout]    |
[INFO] [stdout] 32 |     assert_eq!("test", boh.oom[0]);
[INFO] [stdout]    |                        ^^^^^^^^^^
[INFO] [stdout] 
[INFO] [stdout] 
[INFO] [stdout] error[E0608]: cannot index into a value of type `OneOrMany<std::string::String>`
[INFO] [stdout]   --> src/tests/one_or_many.rs:33:25
[INFO] [stdout]    |
[INFO] [stdout] 33 |     assert_eq!("test2", boh.oom[1]);
[INFO] [stdout]    |                         ^^^^^^^^^^
[INFO] [stdout] 
[INFO] [stdout] 
[INFO] [stdout] error: aborting due to 5 previous errors; 2 warnings emitted
[INFO] [stdout] 
[INFO] [stdout] 
[INFO] [stdout] Some errors have detailed explanations: E0277, E0608.
[INFO] [stdout] 
[INFO] [stdout] For more information about an error, try `rustc --explain E0277`.
[INFO] [stdout] 
[INFO] [stderr] error: could not compile `rustic_hal` (lib test) due to 6 previous errors; 2 warnings emitted
[INFO] running `Command { std: "docker" "inspect" "00a4a7c4dd4d963ebb1a8649a91fc2260aac6e7c2aab6809b12d347c87ee559c", kill_on_drop: false }`
[INFO] running `Command { std: "docker" "rm" "-f" "00a4a7c4dd4d963ebb1a8649a91fc2260aac6e7c2aab6809b12d347c87ee559c", kill_on_drop: false }`
[INFO] [stdout] 00a4a7c4dd4d963ebb1a8649a91fc2260aac6e7c2aab6809b12d347c87ee559c
